 Let c(i) = 7*s(i) - 6*w(i). Let z be ((-6)/(-8))/(2/(-8)). Give c(z).
1
Let b(l) = -2*l**2 + 2*l - 3. Suppose 60 = -5*p + 4*p. Let r = -57 - p. What is b(r)?
-15
Let o = 53 - 45. Let a be o - (3 - -5)/2. Let m(g) = g**2 - 1. Let j(b) = b**3 - 2*b**2 + 4*b - 4. Let q(l) = -j(l) + 2*m(l). Give q(a).
-14
Let b(v) = -2*v**2 + 2*v - 2. Let n(y) = -9*y**2 + 17*y - 13. Let a(j) = -4*b(j) + n(j). Determine a(11).
-27
Let u(n) be the second derivative of n**5/20 - n**4/4 + n**3/6 + n**2 + n. Let k be (5*2/6)/((-5)/(-15)). Suppose k*j + 6 - 16 = 0. Give u(j).
0
Let w(z) = -z - 7. Let r(k) = -3*k**2 + 8*k + 2 + 0*k - 4. Suppose -y - 17 = -4*p, 2*p + 2*y = -p - 1. Let h be r(p). Determine w(h).
-2
Let a(j) = j**2 - 7*j - 2. Let g(f) = -f**2 - 8*f + 2. Let v be g(-8). Suppose 3*s - 21 = -3*p, -5*p + 2*s = -v*p - 6. Suppose p*x - 4 = 16. Give a(x).
-12
Let r(y) = 4*y**2 - 5*y**2 - 266*y - 3 - 1 + 261*y. Calculate r(-3).
2
Let r(f) = -3*f**3 + f**3 - 2*f**2 + f**3 - 4 + 4*f**2 + 4*f. What is r(4)?
-20
Let v(j) = -64*j**2 - 22*j + 3. Let o(d) = -128*d**2 - 37*d + 5. Let f(k) = 3*o(k) - 5*v(k). What is f(-1)?
-63
Let x(f) = -2*f**3 - 27*f**2 - 15*f - 16. Let c(u) = -2*u**2 - 56*u - 205. Let r be c(-4). What is x(r)?
10
Let c(d) be the second derivative of -1/6*d**3 + 1/10*d**5 + 1/12*d**4 + 1/2*d**2 + 0 + 16*d. Give c(-2).
-9
Let p = -744 - -736. Let w(v) = 4*v + 5. Determine w(p).
-27
Let w(n) = n**3 - 8*n**2 + 8*n - 1. Suppose -2*q - 23 = 125. Let t = q - -80. Give w(t).
-25
Let c(t) = t**3 - 4*t**2 + 3*t. Let p(u) = -u**3 - 2*u**2 - 2*u - 3. Let l be p(-2). Let r be l - 9/(36/(-8)). Calculate c(r).
0
Let d be -4 - (18/(-10) + (-8)/40). Let j(q) = -q**2 - q + 3. What is j(d)?
1
Let t(v) be the second derivative of v**5/20 + 11*v**4/12 - v**3/3 - 7*v**2/2 - 161*v. Calculate t(-11).
15
Let y(c) = c**2 + 3*c + 19*c - 34*c - 4. Calculate y(13).
9
Let r(z) be the first derivative of z**3/6 + 7*z**2/2 + 24*z + 17. Let p(g) be the first derivative of r(g). What is p(-7)?
0
Let o(p) = -p**2 + 3*p + 3. Let l = 21 - 19. Suppose -k + 4 = k - l*y, -y - 12 = -3*k. Calculate o(k).
-7
Let i = 110 - 116. Let w(g) = 2*g + 3. What is w(i)?
-9
Let h(i) = -i + 3. Let s = -476 + 473. What is h(s)?
6
Let u be 22/33*42/(-4). Let n(i) = -i**3 - 6*i**2 + 3*i - 10. What is n(u)?
18
Let y(h) = h - 1. Let a be y(7). Let k be 0/a + (-3 - -5). Let o be k + (-7)/(21/24). Let t(s) = -s**3 - 6*s**2 + 2*s - 2. Determine t(o).
-14
Let s(p) = 0*p + 0 - 2 - 2*p. Let k = 53 - 45. Suppose 6*l - k*l = 8. Calculate s(l).
6
Suppose -15 = 2*n + n. Let h(y) = -y**3 - 6*y**2 - 4*y + 3. Let j be h(n). Let v(w) = -3*w - 3. Give v(j).
3
Let w = 1152 - 1150. Let g(y) = 12*y**2 - y - 2. Determine g(w).
44
Let p(o) = -54*o + 2. Suppose 0 = 4*q + 31*q - 35. What is p(q)?
-52
Let t(r) = -r**3 - r. Let v(k) = 4*k**3 + 2*k**2 - 4. Let m(c) = -3*t(c) - v(c). Let o = -4 + 1. Determine m(o).
4
Let k(c) = 2*c + 1. Let l(j) = 2*j + 1. Let b(i) = -4*k(i) + 5*l(i). Let f = -284 + 285. Calculate b(f).
3
Let o(g) be the first derivative of -g**4/4 - 11*g**3/3 + 11*g**2/2 - 11*g - 79. Suppose -h + 0*h = -1, 14 = -v + 2*h. Calculate o(v).
1
Let f(p) = -p - 5. Let t(s) = -s - 4. Let g be ((-63)/14 + 2)*(-6)/5. Let n(h) = g*t(h) - 2*f(h). What is n(-6)?
4
Let a(g) be the first derivative of -g**3/3 - 3*g**2 - 4*g + 1. Let u = 23 - 123. Let q be u/26 + 8/(-52). Determine a(q).
4
Let a(h) be the third derivative of 0*h - 1/2*h**3 + 0 - 5/24*h**4 + h**2 - 1/60*h**5. Suppose 2 = 2*q + 12. Give a(q).
-3
Let b be (-6 - (-105)/14)*92/6. Suppose 0 = -b*g + 29*g. Let p(c) be the second derivative of c**4/12 - 15*c**2/2 - c. Calculate p(g).
-15
Let f(l) be the first derivative of -l**4/4 - 2*l**3 - 7*l**2/2 - 7*l - 4. Let q be f(-5). Let j(y) = y + 3. Determine j(q).
6
Let v(c) = -7*c**2 - 213*c - 89. Let d be v(-30). Let f(b) = -3 - 5*b + b + 2. Determine f(d).
-5
Let l(f) = f**3 + 4*f**2 + 3*f + 5. Suppose 3*j + 0*j + 12 = -2*v, 4*j - v + 16 = 0. What is l(j)?
-7
Suppose 12*b - 5*b - 35 = 0. Suppose 4*j - 73 = -b*r - 29, 26 = j + 5*r. Let p(q) = q**3 - 6*q**2 + 4*q - 6. Determine p(j).
18
Let a(p) = p**3 + 3*p**2 - 2*p + 2. Let i be 8 - (1 + -1 + 3). Suppose l = -i + 1. Calculate a(l).
-6
Let k be 10/6 + (-403)/(-93). Let w(o) be the third derivative of 0*o - k*o**2 + 0 + o**3 - 1/24*o**4. Calculate w(0).
6
Let p(g) be the third derivative of -7/24*g**4 + 7/6*g**3 - 12*g**2 + 2/15*g**5 - 1/120*g**6 + 0*g + 0. Determine p(7).
7
Let p = 464 - 460. Let n(j) be the second derivative of -5*j + 0 + 1/6*j**3 - p*j**2. Give n(7).
-1
Let q = 17 - 12. Suppose -2*s = -4*s + 3*k - 7, 0 = -5*s + 3*k + q. Let b(v) be the first derivative of -v**2 + 6*v - 5. Determine b(s).
-2
Suppose -3*y - 5*r = -9*r - 5, 5*y - 3*r = 23. Let f(z) = -y + 0 + 0 - 3 - z. Give f(-5).
-5
Let z(t) be the second derivative of -t**5/20 - 5*t**4/6 + 13*t**3/3 + 21*t**2/2 - 17*t + 5. What is z(-12)?
-3
Suppose -3*a - a - 3*j = 4, -2*a + 4*j + 20 = 0. Let h(f) = -5*f + 7. What is h(a)?
-3
Let d(a) = -a**3 - a**2 - a + 2. Let h be d(0). Let f(z) = -z + 56 + 48 - 154 + 53. Determine f(h).
1
Let c = -13 + 17. Suppose m - 29 = c*m + 4*o, 0 = -5*o - 25. Let b(q) be the third derivative of -q**4/24 + 2*q**2. Give b(m).
3
Let w be ((-2)/6)/((-7)/63). Let y(q) = q - 3 + w. Let h(s) = -s**2 + 9*s + 37. Let b be h(12). What is y(b)?
1
Let q(d) = -d**3 + 8*d**2 - d + 5. Let y be q(8). Let l(n) = 22*n**2 - 7*n**2 - 2*n + n - 12*n**2 + n**3. Calculate l(y).
3
Suppose -a + 240 = 14*a. Suppose 33 = 5*y - 3*v, 0*v = -3*y - 2*v + a. Let k(f) = f**3 - 5*f**2 - 5*f - 2. What is k(y)?
4
Let u(n) = 6*n - 1. Let j be u(3). Suppose 11 + 55 = 3*a. Let w = j - a. Let k(l) = -l**2 - 6*l + 5. Determine k(w).
10
Let p(q) = -q - 8. Let j be ((-2)/5)/(2/30). Let t be p(j). Let w(m) = -m**2. What is w(t)?
-4
Let q(a) = -19 - 4*a - 16 + 47 + 20*a - 14. Calculate q(1).
14
Let i(w) = -w**2 + 5*w + 8. Suppose -4*a + 5*b = -22, 0*a = -2*a + 2*b + 10. Suppose -4*p + 6 = -2*v - 0*p, -3*p - 6 = -a*v. Calculate i(v).
-6
Let t(x) = 11*x - 2. Let u = -65 + 74. Let m(s) be the first derivative of -5*s**2/2 + s + 2. Let r(j) = u*m(j) + 4*t(j). Give r(6).
-5
Let y(m) = -1 + 0 + 2 + m. Let p be 675/(-1575) + 8/(-14). Give y(p).
0
Let a be (-11)/(132/156) - -18. Let n(j) = -j**2 + 4*j - 10. Let b(l) = l + 1. Let o(w) = -3*b(w) - n(w). Determine o(a).
-3
Let z(a) be the second derivative of 7*a**4/12 - a**3/6 - 2*a - 3. Give z(-1).
8
Let w(a) be the second derivative of 0 + 1/3*a**3 - 26*a - 5/2*a**2. Determine w(5).
5
Let k = -15 + 42. Let m = k + -21. Let c(v) = 2 + 3*v - 1 - m - 1. Determine c(5).
9
Let x(f) = f**2 + f. Let y(g) = -g**2 - 12*g - 11. Let i be y(-11). Let m be -1 + (i - 0 - 1). Determine x(m).
2
Let a(h) = -3 + 0*h + 923*h**2 - 924*h**2 + 6*h. Give a(4).
5
Let b(r) = 15*r**2 - 2. Suppose 4*v - 4*c = 24, 0 = -v - 9*c + 14*c + 22. Calculate b(v).
58
Suppose 78*b - 73*b = -20. Let l(k) = 4*k - 4. Let w(s) = -3*s + 3. Let v(c) = -4*l(c) - 5*w(c). Give v(b).
5
Let v(j) be the first derivative of j**4/4 - j**3 - 8*j**2 - 7*j - 22. Give v(6).
5
Let l(b) be the third derivative of b**8/20160 + b**7/720 + b**6/120 + b**5/15 + 5*b**2. Let t(x) be the third derivative of l(x). Calculate t(-5).
-4
Let l(r) = 5*r + 18. Let m(i) = 11*i + 37. Let b(g) = -13*l(g) + 6*m(g). Calculate b(-6).
-18
Let c = -47 + 50. Let v(g) = 4*g**3 - 9*g**2 + 12*g + 2. Let l(r) = -7*r**3 + 18*r**2 - 23*r - 3. Let i(y) = c*l(y) + 5*v(y). Give i(8).
-7
Let v(b) = -2*b + 33. Let p(n) = 5*n - 68. Let j(x) = 6*p(x) + 11*v(x). Determine j(5).
-5
Let r(x) = 2*x - 4. Let g(f) = 9*f - 5. Let b(m) = 8*m - 5. Let w(q) = -6*b(q) + 5*g(q). Let t(y) = 4*r(y) + 3*w(y). Calculate t(3).
-4
Suppose -6*w - 3*w + 27 = 0. Let b(t) = -t**2 - 275*t**3 + 8*t**2 + 276*t**w - 2 + 5*t. Calculate b(-6).
4
Let v = 208 + -217. Let j(t) = -t - 5. Give j(v).
4
Suppose -2*t + 4*d - 2 = 0, -15*d + 29 = t - 11*d. Let l(o) = -o**3 + 8*o**2 + 9*o - 2. What is l(t)?
-2
Let h(s) be the first derivative of 5*s**2/2 + 203. What is h(8)?
40
Let a(w) = 7*w**2 - 12*w - 45. Let i(k) = 2*k**2 - 3*k - 12. Let c(o) = -3*a(o) + 11*i(o). Suppose -5*h = -5 + 15. What is c(h)?
1
Let w(i) be the first derivative of i**4/8 + i**3/6 + 2*i**2 + 3. Let o(f) be the second derivative of w(